n base 13, what is -828 - ca3a?
-10565
In base 11, what is 1 - -42310a0?
42310a1
In base 12, what is -775648 - -220?
-775428
In base 14, what is -4 + -147b00a?
-147b010
In base 4, what is -102330310 - 10222?
-103001132
In base 10, what is 23500 + -1454?
22046
In base 5, what is 0 - -1431010132?
1431010132
In base 10, what is 88519 + 941?
89460
In base 13, what is 335 - -66b9?
6a21
In base 5, what is 2140 + -1104033040?
-1104030400
In base 6, what is -303234 - 1022?
-304300
In base 16, what is -181 - 5e0?
-761
In base 15, what is 71cb7b5 - 3?
71cb7b2
In base 12, what is -1775 - -2a6?
-148b
In base 4, what is 0 + -1331333122?
-1331333122
In base 6, what is -5 - -42122410?
42122401
In base 16, what is -6ebb36 + 8?
-6ebb2e
In base 8, what is 530 - -656?
1406
In base 16, what is 1600b - 289?
15d82
In base 7, what is -404 - -53301362?
53300655
In base 2, what is -100011111110 - -11110101000010001?
11110000100010011
In base 8, what is 56600 - 5773?
50605
In base 8, what is 365 + 6343661?
6344246
In base 5, what is -133314343 - -1243?
-133313100
In base 3, what is 10221220102102020 - 12?
10221220102102001
In base 2, what is -1101011 - 110011010100001011100011?
-110011010100001101001110
In base 4, what is 101001 + -1223333?
-1122332
In base 2, what is 101101001111110 - -1100001000001?
111001010111111
In base 8, what is -171 + -1201747?
-1202140
In base 13, what is 2 + 667652?
667654
In base 7, what is -16 + 23021031?
23021012
In base 3, what is 10022 - -210002121?
210012220
In base 6, what is 151515204 + 3?
151515211
In base 10, what is 330 + -152209?
-151879
In base 16, what is ba + 1ec33?
1eced
In base 8, what is -1065 + 4772?
3705
In base 5, what is 111202331140 + 23?
111202331213
In base 10, what is -25191 + -2389?
-27580
In base 16, what is 46e4982 + -2?
46e4980
In base 2, what is -1000001001000111100011 + 111?
-1000001001000111011100
In base 14, what is -1dc347 - 70?
-1dc3b7
In base 11, what is 4441326 - 37?
444129a
In base 13, what is 6b73 - 1589?
55b7
In base 10, what is -1 + -32291090?
-32291091
In base 2, what is 11 + 100011001010110110010011010?
100011001010110110010011101
In base 3, what is -11 + -202210001102210?
-202210001102221
In base 9, what is -6667 + 16356?
8578
In base 12, what is 104 + 17660?
17764
In base 4, what is -1 - -213120213221?
213120213220
In base 7, what is 31 - -13341442?
13341503
In base 6, what is 1152414 + -1502?
1150512
In base 13, what is -200 + -2361?
-2561
In base 4, what is -30300210 - 21223?
-30322033
In base 16, what is -3fdfe - 35?
-3fe33
In base 5, what is -22110311 + -31?
-22110342
In base 13, what is -31551b + -1?
-31551c
In base 16, what is -1e4faae + -4?
-1e4fab2
In base 7, what is -3 + 1332611604?
1332611601
In base 8, what is 42520 - 3145?
37353
In base 15, what is 28 - -850ad?
850d6
In base 13, what is -5a9c - 766?
-6535
In base 7, what is 1264165 + 503?
1265001
In base 13, what is -1b85c - 276c?
-212cb
In base 8, what is 11332 + -70?
11242
In base 16, what is -bf - -c53c?
c47d
In base 3, what is -120 + -20120121211201?
-20120121212021
In base 2, what is -10 + 1010100010010100011100110?
1010100010010100011100100
In base 3, what is 110222 + -11102011120?
-11101200121
In base 8, what is -23 - -2650644?
2650621
In base 4, what is -123 - 331000003?
-331000132
In base 8, what is -21145 + -6346?
-27513
In base 10, what is 1815687 - -6?
1815693
In base 4, what is -3 + 2332130201113?
2332130201110
In base 14, what is c3 - 25bc8?
-25b05
In base 13, what is 4427 - 28?
43cc
In base 14, what is -25d + -16963?
-16bc2
In base 6, what is -524110 + 510?
-523200
In base 13, what is 5643 + 1360?
69a3
In base 12, what is -2 + 67a358?
67a356
In base 8, what is 5103 - 44404?
-37301
In base 15, what is -9461a43 + 2?
-9461a41
In base 9, what is 3057370 + -8?
3057361
In base 14, what is 1a157d5 + 4?
1a157d9
In base 2, what is -1100001100 + -11010000001001001?
-11010001101010101
In base 7, what is -6566452264 + -2?
-6566452266
In base 4, what is 10 + 21021011213?
21021011223
In base 5, what is 3 + -10000104331?
-10000104323
In base 4, what is 10312001222 - 31?
10312001131
In base 15, what is -8309d - -24?
-83079
In base 2, what is 1010001001010110010100 - -100110?
1010001001010110111010
In base 16, what is 32d949 + 2?
32d94b
In base 4, what is -11 + -11032011101?
-11032011112
In base 8, what is -164107055 + 4?
-164107051
In base 14, what is -2 - 3aaa4?
-3aaa6
In base 15, what is -1a0ae - 51?
-1a110
In base 3, what is 1 + -11011222012021101?
-11011222012021100
In base 7, what is -31651 - -12452?
-16166
In base 2, what is -101001011011011010100 + -1100100011?
-101001011100111110111
In base 5, what is 12031340 - -214?
12032104
In base 14, what is 1b2c - 890?
127c
In base 4, what is 131020212 + -132?
131020020
In base 5, what is -10 + 1413433324?
1413433314
In base 15, what is 2b6ee0 + -46?
2b6e99
In base 14, what is 1c1 - -1cda7?
1d188
In base 13, what is 6b23c2 - 17?
6b23a8
In base 2, what is -100000111110101011 + -11000?
-100000111111000011
In base 5, what is 101111114 - 10?
101111104
In base 15, what is -e700721 + -4?
-e700725
In base 7, what is 21 - 50630005?
-50626654
In base 4, what is -312 - -30321203?
30320231
In base 5, what is -341324 + 1420?
-334404
In base 6, what is 5 + 3434105?
3434114
In base 7, what is 2304 - -10540456?
10543063
In base 7, what is 6460016111 - -4?
6460016115
In base 7, what is -5 + 2530215306?
2530215301
In base 8, what is -555 + -111540?
-112315
In base 9, what is 310377 + -114?
310263
In base 9, what is 1406848126 + 4?
1406848131
In base 16, what is 27d - -1828d?
1850a
In base 16, what is b + -611de00?
-611ddf5
In base 16, what is -14e7 + -40a6?
-558d
In base 11, what is -615107 + 1a?
-615098
In base 10, what is -81 - -42159?
42078
In base 8, what is -1227115130 - 3?
-1227115133
In base 7, what is 12434 + -2025615?
-2013151
In base 11, what is -1776 - 150045?
-151810
In base 13, what is -12c07 - -296?
-12941
In base 3, what is 2010021101 + -11221202?
1221022122
In base 7, what is -2 - 510333251?
-510333253
In base 15, what is -396 - -619e9?
61653
In base 6, what is -23310 + 30552?
3242
In base 15, what is -82bd - 1456?
-9724
In base 7, what is 423622 - 255?
423334
In base 14, what is -85d - 374?
-bd3
In base 13, what is -1c766 + 1?
-1c765
In base 12, what is 0 - -1662a55?
1662a55
In base 12, what is -4a19b + -200?
-4a39b
In base 5, what is -1 - -122412404440?
122412404434
In base 2, what is 1010111100111 + 110001111010?
10001001100001
In base 3, what is 101121221200002 + 1001?
101121221201010
In base 12, what is 5 - 20835434?
-2083542b
In base 5, what is -3233044 + 43?
-3233001
In base 10, what is -1741 - -3842?
2101
In base 13, what is 44 - -227365?
2273a9
In base 6, what is 125052213511 + 1?
125052213512
In base 6, what is -45315 - -13034?
-32241
In base 4, what is -1330 + 323021132?
323013202
In base 8, what is -27736 - 166140?
-216076
In base 3, what is 11101 - -10211101100011?
10211101111112
In base 15, what is -c + 3cdb81?
3cdb74
In base 12, what is -31888 + 19b?
-316a9
In base 11, what is -3 - -5511a6?
5511a3
In base 11, what is 59 - -371a?
3778
In base 13, what is -15c1 + 74340?
72a4c
In base 16, what is f71 + b07c?
bfed
In base 16, what is -79b - 361f?
-3dba
In base 11, what is -1383aa + 5625?
-132885
In base 13, what is -11 - 5ca0a?
-5ca1b
In base 10, what is 102 - -513149?
513251
In base 8, what is -3 + -4352552?
-4352555
In base 9, what is -416887 - -1351?
-415536
In base 3, what is 20102222000221 + 210?
20102222001201
In base 8, what is -155252271 + 1?
-155252270
In base 15, what is -16894 - -1e?
-16875
In base 11, what is -2480151 - 3?
-2480154
In base 8, what is 3332561 - -176?
3332757
In base 16, what is -9 + -5930fa?
-593103
In base 2, what is -100001 + -111100011110000111000010?
-111100011110000111100011
In base 5, what is -241003331 + -113?
-241003444
In base 4, what is 20131113 - -3203?
20200322
In base 9, what is -14262 - 14415?
-28677
In base 4, what is -221 - -23021133?
23020312
In base 15, what is db9 + -4ba?
8ee
In base 3, what is 121110002 + 101012202?
222122211
In base 4, what is -1202313030021 + 122?
-1202313023233
In base 15, what is 78116 + 4?
7811a
In base 5, what is 1003 - -210242004?
210243012
In base 5, what is 4 - -4301401231?
4301401240
In base 2, what i